{"id":285,"date":"2023-04-26T09:29:26","date_gmt":"2023-04-26T12:29:26","guid":{"rendered":"https:\/\/giribeiroleite.com.br\/congresso\/?post_type=product&#038;p=285"},"modified":"2025-04-13T14:18:13","modified_gmt":"2025-04-13T17:18:13","slug":"pre-congresso-congresso","status":"publish","type":"product","link":"https:\/\/constelacaoepnl.com.br\/index.php\/produto\/pre-congresso-congresso\/","title":{"rendered":"Congresso de Constela\u00e7\u00e3o Sist\u00eamica"},"content":{"rendered":"<div class=\"elementor-element elementor-element-871deaa elementor-widget elementor-widget-text-editor\" data-id=\"871deaa\" data-element_type=\"widget\" data-widget_type=\"text-editor.default\">\n<div class=\"elementor-widget-container\">\n<div class=\"elementor-element elementor-element-0ce84da elementor-widget elementor-widget-heading\" data-id=\"0ce84da\" data-element_type=\"widget\" data-widget_type=\"heading.default\">\n<div class=\"elementor-widget-container\">\n<h2 class=\"elementor-heading-title elementor-size-default\">I Congresso Latino-Americano de Constela\u00e7\u00e3o Sist\u00eamica<\/h2>\n<\/div>\n<\/div>\n<\/div>\n<\/div>\n","protected":false},"excerpt":{"rendered":"<h2 class=\"elementor-heading-title elementor-size-default\">I Congresso Latino-Americano de Constela\u00e7\u00e3o Sist\u00eamica<br \/>\n19\/10\/2024<\/h2>\n","protected":false},"featured_media":0,"comment_status":"open","ping_status":"closed","template":"","meta":{"_joinchat":[]},"product_brand":[],"product_cat":[21],"product_tag":[],"class_list":{"0":"post-285","1":"product","2":"type-product","3":"status-publish","5":"product_cat-congresso-de-constelacao","7":"first","8":"outofstock","9":"sale","10":"shipping-taxable","11":"purchasable","12":"product-type-simple"},"_links":{"self":[{"href":"https:\/\/constelacaoepnl.com.br\/index.php\/wp-json\/wp\/v2\/product\/285","targetHints":{"allow":["GET"]}}],"collection":[{"href":"https:\/\/constelacaoepnl.com.br\/index.php\/wp-json\/wp\/v2\/product"}],"about":[{"href":"https:\/\/constelacaoepnl.com.br\/index.php\/wp-json\/wp\/v2\/types\/product"}],"replies":[{"embeddable":true,"href":"https:\/\/constelacaoepnl.com.br\/index.php\/wp-json\/wp\/v2\/comments?post=285"}],"wp:attachment":[{"href":"https:\/\/constelacaoepnl.com.br\/index.php\/wp-json\/wp\/v2\/media?parent=285"}],"wp:term":[{"taxonomy":"product_brand","embeddable":true,"href":"https:\/\/constelacaoepnl.com.br\/index.php\/wp-json\/wp\/v2\/product_brand?post=285"},{"taxonomy":"product_cat","embeddable":true,"href":"https:\/\/constelacaoepnl.com.br\/index.php\/wp-json\/wp\/v2\/product_cat?post=285"},{"taxonomy":"product_tag","embeddable":true,"href":"https:\/\/constelacaoepnl.com.br\/index.php\/wp-json\/wp\/v2\/product_tag?post=285"}],"curies":[{"name":"wp","href":"https:\/\/api.w.org\/{rel}","templated":true}]}}