{"id":283,"date":"2023-04-26T09:01:15","date_gmt":"2023-04-26T12:01:15","guid":{"rendered":"https:\/\/giribeiroleite.com.br\/congresso\/index.php\/produto\/hoodie-with-logo\/"},"modified":"2024-11-08T12:48:05","modified_gmt":"2024-11-08T15:48:05","slug":"pre-congresso","status":"publish","type":"product","link":"https:\/\/constelacaoepnl.com.br\/index.php\/produto\/pre-congresso\/","title":{"rendered":"Congresso de Constela\u00e7\u00e3o + PNL"},"content":{"rendered":"<div class=\"elementor-element elementor-element-0ce84da elementor-widget elementor-widget-heading\" data-id=\"0ce84da\" data-element_type=\"widget\" data-widget_type=\"heading.default\">\n<div class=\"elementor-widget-container\">\n<h2 class=\"elementor-heading-title elementor-size-default\">I Congresso Latino-Americano de Constela\u00e7\u00e3o Sist\u00eamica<br \/>\nXX Congresso Latino-Americano de PNL<\/h2>\n<\/div>\n<\/div>\n<div class=\"elementor-element elementor-element-6ba16e9 elementor-widget elementor-widget-heading\" data-id=\"6ba16e9\" data-element_type=\"widget\" data-widget_type=\"heading.default\">\n<div class=\"elementor-widget-container\">\n<h2 class=\"elementor-heading-title elementor-size-default\">Dias 19 e 20 de outubro em Curitiba<\/h2>\n<\/div>\n<\/div>\n","protected":false},"excerpt":{"rendered":"<p>I Congresso Latino-Americano de Constela\u00e7\u00e3o Sist\u00eamica XX Congresso Latino-Americano de PNL Dias 19 e 20 de outubro em Curitiba<\/p>\n","protected":false},"featured_media":1377,"comment_status":"closed","ping_status":"closed","template":"","meta":{"_joinchat":[]},"product_brand":[],"product_cat":[16,21],"product_tag":[],"class_list":{"0":"post-283","1":"product","2":"type-product","3":"status-publish","4":"has-post-thumbnail","6":"product_cat-congresso","7":"product_cat-congresso-de-constelacao","9":"first","10":"outofstock","11":"sale","12":"shipping-taxable","13":"purchasable","14":"product-type-simple"},"_links":{"self":[{"href":"https:\/\/constelacaoepnl.com.br\/index.php\/wp-json\/wp\/v2\/product\/283","targetHints":{"allow":["GET"]}}],"collection":[{"href":"https:\/\/constelacaoepnl.com.br\/index.php\/wp-json\/wp\/v2\/product"}],"about":[{"href":"https:\/\/constelacaoepnl.com.br\/index.php\/wp-json\/wp\/v2\/types\/product"}],"replies":[{"embeddable":true,"href":"https:\/\/constelacaoepnl.com.br\/index.php\/wp-json\/wp\/v2\/comments?post=283"}],"wp:featuredmedia":[{"embeddable":true,"href":"https:\/\/constelacaoepnl.com.br\/index.php\/wp-json\/wp\/v2\/media\/1377"}],"wp:attachment":[{"href":"https:\/\/constelacaoepnl.com.br\/index.php\/wp-json\/wp\/v2\/media?parent=283"}],"wp:term":[{"taxonomy":"product_brand","embeddable":true,"href":"https:\/\/constelacaoepnl.com.br\/index.php\/wp-json\/wp\/v2\/product_brand?post=283"},{"taxonomy":"product_cat","embeddable":true,"href":"https:\/\/constelacaoepnl.com.br\/index.php\/wp-json\/wp\/v2\/product_cat?post=283"},{"taxonomy":"product_tag","embeddable":true,"href":"https:\/\/constelacaoepnl.com.br\/index.php\/wp-json\/wp\/v2\/product_tag?post=283"}],"curies":[{"name":"wp","href":"https:\/\/api.w.org\/{rel}","templated":true}]}}